inder when l(c) is divided by 13?
10
Let k = 55 - -28. Suppose 1137*v - 1121*v = 464. Calculate the remainder when k is divided by v.
25
Let z = 7 - 5. Suppose y + z*y - 351 = -5*k, 6 = 2*k. Calculate the remainder when y is divided by 23.
20
Let x be (-1)/(2 - 1) + 3. Suppose 0*w + x*w - 26 = 0. What is the remainder when (3/(-6))/(1/(-72)) is divided by w?
10
Let l(h) = 6*h + 412. What is the remainder when l(-44) is divided by 79?
69
Let r(x) = -x**3 - 12*x**2 - 12*x - 9. Let v be r(-11). Suppose -4*a + 10 = -v. Calculate the remainder when 32/(1/a + 0) is divided by 33.
30
Let p be 0*(-4 - 6/(-2)). Suppose 5*x - 107 = -p*y + 2*y, 96 = 4*x + y. What is the remainder when x is divided by (-3)/2*(-56)/12?
2
Let b(s) = -2*s**2 - 4*s. Let v be b(-2). Suppose -4*j - 6*w + w + 185 = v, -w = 3*j - 125. What is the remainder when j is divided by 11?
7
What is the remainder when 309/3 + (0 - 0) is divided by 13?
12
Suppose 3*i + i + 12 = 0. Let l be 46 - (0 + i/3). Let y = l - 28. Calculate the remainder when 35 is divided by y.
16
Let y(s) = s + 9. Let k be y(-6). Suppose -3 = -2*d - 5*t, -k*d + 2*d = 5*t - 4. Calculate the remainder when d/(1 - 84/81) is divided by 7.
6
Let a be 2/(-3) + 2/3. Suppose 3*b - 4*t - 65 = a, 3*b + 5*t = 4*b - 29. What is the remainder when b is divided by 13?
6
Calculate the remainder when 30 is divided by ((-68)/(-10) - 7) + 142/10.
2
Let c be (12/(-8))/((-2)/(-4)). What is the remainder when 29 is divided by 0 - -3 - 18/c?
2
Let l be 6/24 - (-34)/(-8). Let x be l/((-4)/11) + -3. Suppose -2*h = -x, -46 = -3*z + 2*h - 9. What is the remainder when 88 is divided by z?
13
Let b = 6 + 16. Suppose 5*s - 3*s - 85 = 3*k, 162 = 4*s + 2*k. What is the remainder when s is divided by 1*(-3 - -4)*b?
19
Suppose 0 = 6*h - 2*h + 32. Let p(j) = j**3 + 8*j**2 - 8*j + 14. What is the remainder when p(h) is divided by 27?
24
Suppose 108 - 1116 = -7*b. Let g = b - 141. What is the remainder when 43 is divided by g?
1
Let p be (5/15)/((-2)/(-48)). Calculate the remainder when 24 is divided by p/12 + (200/(-3))/(-5).
10
Suppose -v = 3*c + 4, 4 = 4*c + 5*v + 13. Calculate the remainder when 9 is divided by -1 - (2*c)/((-24)/(-84)).
3
Calculate the remainder when 86/(13 - 567/45) is divided by 40.
15
Let o = -74 - -97. What is the remainder when 27 is divided by o?
4
Suppose 3*l + 0*l - 5*a = 25, 0 = -3*l - 2*a + 11. Suppose 3*p + 2*d - 22 = d, l*p - 4*d = 14. What is the remainder when 9 is divided by p?
3
Let u = 19 - 14. Suppose u*p = -3*m + 71, -4*p = -p + 6. What is the remainder when 50 is divided by m?
23
Let a(k) = k**3 - 7*k**2 + 5*k + 10. Let m be a(7). Suppose -m = -13*x + 4*x. Suppose 0 = -7*b + x*b + 36. Calculate the remainder when 35 is divided by b.
17
Let c be (-296)/6*15/(-10). Let i be 4/(-14) - c/(-14). Suppose -3*v = -2*h + 40, -i*h + 121 = -5*v + 21. Calculate the remainder when 78 is divided by h.
18
Let l = 124 - 93. Let g = 71 + 50. What is the remainder when g is divided by l?
28
Let n(t) = t + 12. Let s be -5 - -3 - 4/2. What is the remainder when n(s) is divided by 5?
3
Let v = 4440 + -3099. Calculate the remainder when v is divided by 122.
121
Suppose -2*a - 14 = -p + 12, 2*p = -5*a + 43. Calculate the remainder when 72 is divided by p.
0
Suppose -4*g + 3*g + 47 = 0. Let o(l) = l**2 + 28*l + 125. What is the remainder when g is divided by o(-23)?
7
Suppose -12*n + 713 = 19*n. Calculate the remainder when n is divided by 9.
5
Let h be (-18)/(2 - (-7)/(-2)). Let n = -7 + h. Let p(b) = b**2 + 9*b + 3. What is the remainder when n is divided by p(-9)?
2
Let x(d) = 11*d. Let g be (1/(-1) + 3)*-3. Let n = g + 7. Calculate the remainder when 43 is divided by x(n).
10
Let k = 3 - 10. Suppose -4*i + 45 = -35. Calculate the remainder when i is divided by k/2*(-1 - 1).
6
Let m = -43 + 91. Suppose m = 3*y - v - 6, -5*v - 54 = -3*y. What is the remainder when 69 is divided by y?
15
Let u = -25 - -14. Let r = u - -23. Calculate the remainder when r is divided by 7.
5
Let d = -3671 + 3725. Calculate the remainder when d is divided by (-6)/21 - (-100)/7.
12
Suppose 0 = -0*h + h - 7. Let m = 4 + h. Calculate the remainder when 2*((-129)/(-6) - 1) is divided by m.
8
Let w be 55/20 - (-1)/4. Suppose 27 = w*c - 93. Let z = 54 + -43. What is the remainder when c is divided by z?
7
What is the remainder when 28 + ((-4)/26 - 1150/299) is divided by 18?
6
Let g(w) = 2*w**2 + 22*w + 24. Let z be g(-10). What is the remainder when 580/12 - z/12 is divided by 7?
6
Let z = 109 - 193. Let w = z - -116. Calculate the remainder when 189 is divided by w.
29
Let z be (3/6)/(-3 + (-1375)/(-460)). Calculate the remainder when ((-2)/4)/(1/z) is divided by 5.
3
What is the remainder when -65 + 122 - (-2 + 2 + -2) is divided by 7?
3
What is the remainder when 71 is divided by 23/(966/12) - (-222)/7?
7
Let w(o) = o**3 + 10*o**2 + 16*o + 3. Let g be w(-8). Suppose g*v + 2*r = 22 + 30, 3*v + 3*r = 51. What is the remainder when 49 is divided by v?
13
Suppose -h - 1332 = -i + 3*i, 2*h + 669 = -i. What is the remainder when i/(-7)*(-2 - -3) is divided by 32?
31
Suppose -3*l + y = -22, 3*y - 26 = -2*l - 2*y. Let a be (0 + (-59 - -1))/(1 - 3). Suppose 0 = -15*k + 14*k + a. What is the remainder when k is divided by l?
5
Let f = -469 + 504. What is the remainder when f is divided by 8?
3
Suppose j + 143 = 2*a, 3*a - 3*j + 4*j - 202 = 0. What is the remainder when a*(-4 - (-52)/12) is divided by 6?
5
Let a = 7 - 2. Suppose 5*s - a = 0, 4*k - 4*s - 61 = -s. Suppose -3 = p - 48. Calculate the remainder when p is divided by k.
13
Suppose 3*w - 4 = -2*j, j - 2*w - 25 = -16. What is the remainder when j is divided by 2?
1
What is the remainder when 527 is divided by (21/7)/(6*2/212)?
50
Let w = 13 + 58. What is the remainder when 141 is divided by w?
70
Suppose -w + 5*w = 4*h + 1328, 4*w = 5*h + 1333. Calculate the remainder when w is divided by 67.
59
Let k(c) = c + 3. Let p be k(0). Suppose 0*y - 105 = -p*y. What is the remainder when 378/(-819) + 2670/39 is divided by y?
33
Let z = 30 - -21. Calculate the remainder when z is divided by (6 + 24/(-18))*3.
9
Suppose -4*x + 17 = 5. Suppose 5*j = -1 + 11. Suppose j*r - 22 = -16. What is the remainder when x is divided by r?
0
Let l = -19 - -19. Suppose 4*b - 163 - 65 = l. What is the remainder when b is divided by 20?
17
Let z = 52 + -43. What is the remainder when 55 is divided by (z/(-18))/((-1)/(-58))*-1?
26
Let c = 19 - 16. Let l = 12 - 10. Calculate the remainder when c is divided by l.
1
Let n(d) = 24*d**2 - 25*d + 42. Calculate the remainder when n(5) is divided by 74.
73
Suppose 3 = -3*o, 2*w + 3*o - 6*o - 99 = 0. Let i = -5 - -8. Calculate the remainder when w is divided by ((-2)/i)/((-4)/78).
9
Let k = 57 + -52. Suppose 0 = 4*q - k*v - 289, 5*q - 281 = q - 3*v. What is the remainder when q is divided by 15?
11
Let y = 13 - -4. Suppose -i + 4*m = -9, -23*i + 10 = -20*i + 5*m. Calculate the remainder when y is divided by i.
2
Let v = -944 + 959. What is the remainder when 1288 is divided by v?
13
Suppose -q - 57 = -4*q. Let w = q - 10. What is the remainder when 50 is divided by w?
5
Let n(z) = -z - 7. Let b be n(-7). Suppose b = 3*h - 2*h - 79. Calculate the remainder when h is divided by (-6)/(-5)*(-10 - 800/(-30)).
19
Suppose 2*r = 7*r - 65. Let t = 15 - r. Suppose -4*b + 3*b = -4, 5*b = t*a - 56. What is the remainder when a is divided by 10?
8
Let g(o) be the third derivative of 13*o**6/60 - o**5/20 + o**4/4 - o**3/3 - 6*o**2. What is the remainder when 105 is divided by g(1)?
24
Suppose 6 = -4*h - l + 93, -4*l = h - 18. What is the remainder when 85 is divided by h?
19
Let a = 9 + -6. Suppose -3*m = -7*m - 5*h + 31, a*m - 18 = -2*h. What is the remainder when 11 is divided by m?
3
Suppose 0 = -14*i + 15*i - 9. Suppose -4*x + 4*m = -17 - 87, x - 2*m - 27 = 0. Calculate the remainder when x is divided by i.
7
Suppose 57*k = 68*k - 242. Calculate the remainder when k is divided by 17.
5
Let p be 44*(4 - (-60)/(-16)). Suppose -p*c + 21 = -8*c. Suppose 4*d - 33 - c = 0. What is the remainder when 19 is divided by d?
9
Let m(p) = -p**3 - 2*p**2 + 3*p + 3. Let i be m(-4). Let j = -20 + 159. Suppose 2*v + i = j. Calculate the remainder when v is divided by 20.
18
Let k = -3 - -5. Suppose -6*s = -k*s - 344